{"id":13,"date":"2022-02-21T11:22:04","date_gmt":"2022-02-21T10:22:04","guid":{"rendered":"https:\/\/test.brfkalltorp.se\/?page_id=13"},"modified":"2022-02-21T11:22:04","modified_gmt":"2022-02-21T10:22:04","slug":"for-maklare","status":"publish","type":"page","link":"https:\/\/test.fyrhorningen.se\/?page_id=13","title":{"rendered":"F\u00f6r m\u00e4klare"},"content":{"rendered":"\n<h2 class=\"alignwide has-text-align-left wp-block-heading\" id=\"alm\u00e4nnt\">Allm\u00e4nt<\/h2>\n\n\n\n<h4 class=\"wp-block-heading\" id=\"vad-ing\u00e5r-i-avgiften\">Vad ing\u00e5r i avgiften?<\/h4>\n\n\n\n<p>V\u00e4rme, vatten, f\u00f6rr\u00e5d.<\/p>\n\n\n\n<h4 class=\"wp-block-heading\" id=\"har-f\u00f6reningen-beslutat-eller-planerat-f\u00f6r-n\u00e5gra-avgiftsf\u00f6r\u00e4ndringar\">Har f\u00f6reningen beslutat eller planerat f\u00f6r n\u00e5gra avgiftsf\u00f6r\u00e4ndringar?<\/h4>\n\n\n\n<p>Nej (f\u00f6reningen s\u00e4nkte avgiften 2% 2021 och 10% 2022)<\/p>\n\n\n\n<h4 class=\"wp-block-heading\" id=\"ing\u00e5r-bostadsr\u00e4ttstill\u00e4ggsf\u00f6rs\u00e4kring-i-avgiften\">Ing\u00e5r bostadsr\u00e4ttstill\u00e4ggsf\u00f6rs\u00e4kring i avgiften?<\/h4>\n\n\n\n<p>Nej<\/p>\n\n\n\n<h4 class=\"wp-block-heading\" id=\"tar-f\u00f6reningen-ut-\u00f6verl\u00e5telseavgift--vem-betalar-den-i-s\u00e5-fall\">Tar f\u00f6reningen ut \u00f6verl\u00e5telseavgift \u2013 vem betalar den i s\u00e5 fall?<\/h4>\n\n\n\n<p>Ja, s\u00e4ljaren<\/p>\n\n\n\n<h4 class=\"wp-block-heading\" id=\"tar-f\u00f6reningen-ut-pants\u00e4ttningsavgift\">Tar f\u00f6reningen ut pants\u00e4ttningsavgift?<\/h4>\n\n\n\n<p>Ja<\/p>\n\n\n\n<h4 class=\"wp-block-heading\" id=\"antal-l\u00e4genheter-i-f\u00f6reningen\">Antal l\u00e4genheter i f\u00f6reningen?<\/h4>\n\n\n\n<p>96<\/p>\n\n\n\n<h4 class=\"wp-block-heading\" id=\"antal-lokaler-i-f\u00f6reningen\">Antal lokaler i f\u00f6reningen?<\/h4>\n\n\n\n<p>0<\/p>\n\n\n\n<h4 class=\"wp-block-heading\" id=\"\u00e4r-f\u00f6reningen-\u00e4kta-eller-o\u00e4kta\">\u00c4r f\u00f6reningen \u00e4kta eller o\u00e4kta?<\/h4>\n\n\n\n<p>\u00c4kta<\/p>\n\n\n\n<h4 class=\"wp-block-heading\" id=\"godk\u00e4nns-juridisk-person\">Godk\u00e4nns juridisk person?<\/h4>\n\n\n\n<p>Nej<\/p>\n\n\n\n<h4 class=\"wp-block-heading\" id=\"godk\u00e4nner-f\u00f6reningen-delat-\u00e4gande\">Godk\u00e4nner f\u00f6reningen delat \u00e4gande?<\/h4>\n\n\n\n<p>Ja<\/p>\n\n\n\n<h4 class=\"wp-block-heading\" id=\"godk\u00e4nner-f\u00f6reningen-att-f\u00f6r\u00e4lder-hj\u00e4lper-till-med-finansiering-och-st\u00e5r-p\u00e5-kontraktet-men-inte-bos\u00e4tter-sig-i-f\u00f6reningen\">Godk\u00e4nner f\u00f6reningen att f\u00f6r\u00e4lder hj\u00e4lper till med finansiering och st\u00e5r p\u00e5 kontraktet men inte bos\u00e4tter sig i f\u00f6reningen?<\/h4>\n\n\n\n<p>Ja<\/p>\n\n\n\n<h4 class=\"wp-block-heading\" id=\"\u00e4ger-f\u00f6reningen-marken\">\u00c4ger f\u00f6reningen marken?<\/h4>\n\n\n\n<p>Ja<\/p>\n\n\n\n<h4 class=\"wp-block-heading\">Finns det n\u00e5gra obligatoriska till\u00e4gg?<\/h4>\n\n\n\n<p>155 kr\/m\u00e5n: TELE2 Bredband 250, kabel TV basutbud, telefoni small<\/p>\n\n\n\n<h2 class=\"alignwide has-text-align-left wp-block-heading\" id=\"renoveringar\">Renoveringar<\/h2>\n\n\n\n<h4 class=\"wp-block-heading\" id=\"kommande-renoveringar\">Kommande renoveringar<\/h4>\n\n\n\n<p>Inga st\u00f6rre renoveringar som p\u00e5verkar avgiften eller som kr\u00e4ver nya l\u00e5n.<\/p>\n\n\n\n<h4 class=\"wp-block-heading\" id=\"gjorde-renoveringar\">Gjorda renoveringar.<\/h4>\n\n\n\n<ul class=\"wp-block-list\"><li>OVK med komplett injustering, kanalrensning och nya fr\u00e5nluftsdon (2021)<\/li><li>Nya h\u00f6ga f\u00f6nsterpartier samt nya sm\u00e5 sidof\u00f6nster p\u00e5 de \u00f6versta v\u00e5ningarna (2021)<\/li><li>Bygge av toalett\/dusch i hus 16 (2021)<\/li><li>Stamspolning (2021)<\/li><li>Nya tv\u00e4ttmaskiner och torktumlare (2021)<\/li><li>Byte av hisslina hus 14 (2021)<\/li><li>Fasadtv\u00e4tt (2021)<\/li><li>Bygge av f\u00f6reningslokal i hus 12 (2020)<\/li><li>M\u00e5lning av samtliga ekonomibyggnader samt byte av d\u00e5liga tr\u00e4delar (2020)<\/li><li>Byte av d\u00e5liga takf\u00f6nster samt service och t\u00e4thetskontroll f\u00f6r samtliga (2020)<\/li><li>Modernisering av styrsystem hiss hus 16 (2019)<\/li><li>Bergv\u00e4rmesystem med fr\u00e5nlufts\u00e5tervinning (2019)<\/li><li>Nytt styrsystem f\u00f6r v\u00e4rme Bastec 2 (2019)<\/li><li>EcoGuards temperaturinnegivare i varje l\u00e4genhet (2018)<\/li><li>Modernisering av styrsystem hiss hus 14 (2016)<\/li><li>Modernisering av styrsystem hiss hus 12 (2015)<\/li><li>Ledbelysning inne\/ute (2015)<\/li><\/ul>\n\n\n\n<h4 class=\"wp-block-heading\">N\u00e4r gjordes stambyte\/planeras stambyte?<\/h4>\n\n\n\n<p>Inget behov, f\u00f6reningens PVC r\u00f6r rostar inte.<\/p>\n\n\n\n<h4 class=\"wp-block-heading\">\u00c4r stamspolning\/re-lining gjord?<\/h4>\n\n\n\n<p>Ja<\/p>\n\n\n\n<h2 class=\"alignwide has-text-align-left wp-block-heading\" id=\"fastigheten\">Fastigheten<\/h2>\n\n\n\n<h4 class=\"wp-block-heading\" id=\"bygg\u00e5r\">Bygg\u00e5r<\/h4>\n\n\n\n<p>2002<\/p>\n\n\n\n<h4 class=\"wp-block-heading\" id=\"uppv\u00e4rmning\">Uppv\u00e4rmning<\/h4>\n\n\n\n<p>Bergv\u00e4rme med fj\u00e4rrv\u00e4rme som komplement<\/p>\n\n\n\n<h4 class=\"wp-block-heading\" id=\"ventilation-ex-sj\u00e4lvdrag\">Ventilation<\/h4>\n\n\n\n<p>FX ventilationssystem<\/p>\n\n\n\n<h4 class=\"wp-block-heading\" id=\"godk\u00e4nt-k\u00f6ksfl\u00e4kt-ex-kolfilter\">Godk\u00e4nd k\u00f6ksfl\u00e4kt (ex. kolfilter)<\/h4>\n\n\n\n<p>Spisk\u00e5pa. Kolfilterfl\u00e4kt endast med tillst\u00e5nd fr\u00e5n styrelsen pga att kolfilterfl\u00e4kt kr\u00e4ver ombyggnad av ventilationen.<\/p>\n\n\n\n<h4 class=\"wp-block-heading\" id=\"f\u00f6nster-ex-2-glas\">F\u00f6nster<\/h4>\n\n\n\n<p>2-glas i de flesta, 3-glas i f\u00f6nster mot j\u00e4rnv\u00e4gssp\u00e5ret och Kallh\u00e4llsleden.<\/p>\n\n\n\n<h4 class=\"wp-block-heading\" id=\"finns-det-hiss\">Finns det hiss?<\/h4>\n\n\n\n<p>Ja<\/p>\n\n\n\n<h4 class=\"wp-block-heading\" id=\"utf\u00f6rs-trappst\u00e4dning-av-st\u00e4dfirma\">Utf\u00f6rs trappst\u00e4dning av st\u00e4dfirma?<\/h4>\n\n\n\n<p>Ja<\/p>\n\n\n\n<h4 class=\"wp-block-heading\">Tillh\u00f6r det ett f\u00f6rr\u00e5d till l\u00e4genheten?<\/h4>\n\n\n\n<p>Ja<\/p>\n\n\n\n<h4 class=\"wp-block-heading\">Gemensam el<\/h4>\n\n\n\n<p>F\u00f6reningen k\u00f6per el med f\u00f6retagspriser och s\u00e4ljer den till boende. P\u00e5 detta s\u00e4tt har boende l\u00e5ga elkostnader, majoriteten betalar ca 200-300 kr\/m\u00e5n. Boende betalar f\u00f6r sin el till f\u00f6reningen vid kvartalets f\u00f6rsta faktura enligt den faktiska f\u00f6rbrukningen som man har haft under de senaste 3 m\u00e5naderna. Vi kommer inte vara p\u00e5verkade av stigande elpriser, v\u00e5rt nuvarande el-avtal \u00e4r mycket bra och g\u00e4ller till november 2024.<\/p>\n\n\n\n<h2 class=\"alignwide has-text-align-left wp-block-heading\" id=\"gemensamma-utrymmen\">Gemensamma utrymmen<\/h2>\n\n\n\n<h4 class=\"wp-block-heading\" id=\"vad-har-f\u00f6reningen-f\u00f6r-gemensamma-utrymmen\">Vad har f\u00f6reningen f\u00f6r gemensamma utrymmen?<\/h4>\n\n\n\n<p>Barnvagnsrum, cykelrum, tv\u00e4ttstuga, aktivitetsrum med wifi och k\u00f6k,, redskapsf\u00f6rr\u00e5d och tv\u00e5 soprum ett f\u00f6r hush\u00e5llssopor och ett f\u00f6r \u00e5tervinningsbart avfall, extra toalett\/dusch i hus 16.<\/p>\n\n\n\n<h4 class=\"wp-block-heading\" id=\"vad-\u00e4r-tv\u00e4ttstugan-utrustad-med\">Vad \u00e4r tv\u00e4ttstugan utrustad med?<\/h4>\n\n\n\n<p>Gemensam tv\u00e4ttstuga finns p\u00e5 bottenplan i varje hus, utrustad med tv\u00e5 nya energisn\u00e5la tv\u00e4ttmaskiner som tar vatten fr\u00e5n varmvattenledningen, torksk\u00e5p, ny<br>energisn\u00e5l torktumlare , mangel och styrkbr\u00e4da.<\/p>\n\n\n\n<h2 class=\"alignwide has-text-align-left wp-block-heading\" id=\"tvbredband\">TV\/Bredband<\/h2>\n\n\n\n<h4 class=\"wp-block-heading\" id=\"ing\u00e5r-det-i-avgiften-eller-tecknas-det-enskilt-av-medlem-och-vilka-leverant\u00f6rer-kan-man\">Ing\u00e5r det i avgiften eller tecknas det enskilt av medlem<\/h4>\n\n\n\n<p>F\u00f6reningen har gruppavtal med Tele2, med basutbud av digitala kanaler och 250 Mbit\/s bredbandskoppling. Boende beh\u00f6ver endast teckna enskilt avtal om man vill ha st\u00f6rre utbud \u00e4n basutbudet. Avgift f\u00f6r bredband tillkommer p\u00e5 m\u00e5nadsavgiften, 155 kr per m\u00e5nad.<\/p>\n\n\n\n<h4 class=\"wp-block-heading\" id=\"\u00e4r-fiber-kopplat-till-l\u00e4genheten\">\u00c4r fiber kopplat till l\u00e4genheten?<\/h4>\n\n\n\n<p>Nej<\/p>\n\n\n\n<h2 class=\"alignwide has-text-align-left wp-block-heading\" id=\"parkering\">Parkering<\/h2>\n\n\n\n<h4 class=\"wp-block-heading\" id=\"har-f\u00f6reningen-tillg\u00e5ng-till-n\u00e5gra-parkerings--eller-garageplatser\">Har f\u00f6reningen tillg\u00e5ng till n\u00e5gra parkerings- eller garageplatser?<\/h4>\n\n\n\n<p>F\u00f6reningen har 30 garageplatser och 55 parkeringsplatser.<\/p>\n\n\n\n<h4 class=\"wp-block-heading\" id=\"vad-kostar-det\">Vad kostar det?<\/h4>\n\n\n\n<p>Kostnaden f\u00f6r garage \u00e4r f\u00f6r n\u00e4rvarande 450 kr per m\u00e5nad och f\u00f6r en parkeringsplats 150 kr per m\u00e5nad.<\/p>\n\n\n\n<h4 class=\"wp-block-heading\">Hur l\u00e5ng k\u00f6 \u00e4r det?<\/h4>\n\n\n\n<p>Just nu har vi en kort k\u00f6,  1-2 personer st\u00e5r i k\u00f6 till p-plats, garage f\u00e5r man i skrivande stund direkt.<\/p>\n\n\n\n<h2 class=\"alignwide has-text-align-left wp-block-heading\" id=\"medlemskap\">Medlemskap<\/h2>\n\n\n\n<h4 class=\"wp-block-heading\" id=\"vart-ska-vi-skicka-ans\u00f6kan-om-medlemskap-n\u00e4r-aff\u00e4ren-\u00e4r-avslutad\">Vart ska vi skicka ans\u00f6kan om medlemskap n\u00e4r aff\u00e4ren \u00e4r avslutad?<\/h4>\n\n\n\n<p>SBC-portalen alternativt postas till<br>SBC<br>BOX 226<br>851 04 Sundsvall<\/p>\n","protected":false},"excerpt":{"rendered":"<p>Allm\u00e4nt Vad ing\u00e5r i avgiften? V\u00e4rme, vatten, f\u00f6rr\u00e5d. Har f\u00f6reningen beslutat eller planerat f\u00f6r n\u00e5gra avgiftsf\u00f6r\u00e4ndringar? Nej (f\u00f6reningen s\u00e4nkte avgiften 2% 2021 och 10% 2022) Ing\u00e5r bostadsr\u00e4ttstill\u00e4ggsf\u00f6rs\u00e4kring i avgiften? Nej Tar f\u00f6reningen ut \u00f6verl\u00e5telseavgift \u2013 vem betalar den i s\u00e5 fall? Ja, s\u00e4ljaren Tar f\u00f6reningen ut pants\u00e4ttningsavgift? Ja Antal l\u00e4genheter i f\u00f6reningen? 96 Antal lokaler [&hellip;]<\/p>\n","protected":false},"author":2,"featured_media":0,"parent":0,"menu_order":0,"comment_status":"closed","ping_status":"closed","template":"","meta":{"footnotes":""},"class_list":["post-13","page","type-page","status-publish","hentry"],"_links":{"self":[{"href":"https:\/\/test.fyrhorningen.se\/index.php?rest_route=\/wp\/v2\/pages\/13","targetHints":{"allow":["GET"]}}],"collection":[{"href":"https:\/\/test.fyrhorningen.se\/index.php?rest_route=\/wp\/v2\/pages"}],"about":[{"href":"https:\/\/test.fyrhorningen.se\/index.php?rest_route=\/wp\/v2\/types\/page"}],"author":[{"embeddable":true,"href":"https:\/\/test.fyrhorningen.se\/index.php?rest_route=\/wp\/v2\/users\/2"}],"replies":[{"embeddable":true,"href":"https:\/\/test.fyrhorningen.se\/index.php?rest_route=%2Fwp%2Fv2%2Fcomments&post=13"}],"version-history":[{"count":0,"href":"https:\/\/test.fyrhorningen.se\/index.php?rest_route=\/wp\/v2\/pages\/13\/revisions"}],"wp:attachment":[{"href":"https:\/\/test.fyrhorningen.se\/index.php?rest_route=%2Fwp%2Fv2%2Fmedia&parent=13"}],"curies":[{"name":"wp","href":"https:\/\/api.w.org\/{rel}","templated":true}]}}