{"id":36,"date":"2022-02-21T11:54:21","date_gmt":"2022-02-21T10:54:21","guid":{"rendered":"https:\/\/test.brfkalltorp.se\/?page_id=36"},"modified":"2022-02-21T11:54:21","modified_gmt":"2022-02-21T10:54:21","slug":"cykelrum","status":"publish","type":"page","link":"https:\/\/test.fyrhorningen.se\/?page_id=36","title":{"rendered":"Cykelrum"},"content":{"rendered":"\n<p>Det finns tre rum f\u00f6r f\u00f6rvaring av cyklar. Det st\u00f6rsta cykelrummet ligger i samma hus som soprummen, det finns ocks\u00e5 ett rum vid entr\u00e9n till f\u00f6reningens omr\u00e5de fr\u00e5n centrum samt ett rum vid uteplatsen.<\/p>\n\n\n\n<p>L\u00e4genhetsnyckeln fungerar till samtliga cykelrum och man f\u00e5r v\u00e4lja var man vill st\u00e4lla sin cykel.<\/p>\n\n\n\n<p>Vid behov beg\u00e4r styrelsen m\u00e4rkning av cyklarna f\u00f6r att rensa bort cyklar som saknar \u00e4gare.<\/p>\n","protected":false},"excerpt":{"rendered":"<p>Det finns tre rum f\u00f6r f\u00f6rvaring av cyklar. Det st\u00f6rsta cykelrummet ligger i samma hus som soprummen, det finns ocks\u00e5 ett rum vid entr\u00e9n till f\u00f6reningens omr\u00e5de fr\u00e5n centrum samt ett rum vid uteplatsen. L\u00e4genhetsnyckeln fungerar till samtliga cykelrum och man f\u00e5r v\u00e4lja var man vill st\u00e4lla sin cykel. Vid behov beg\u00e4r styrelsen m\u00e4rkning av [&hellip;]<\/p>\n","protected":false},"author":2,"featured_media":0,"parent":0,"menu_order":0,"comment_status":"closed","ping_status":"closed","template":"","meta":{"footnotes":""},"class_list":["post-36","page","type-page","status-publish","hentry"],"_links":{"self":[{"href":"https:\/\/test.fyrhorningen.se\/index.php?rest_route=\/wp\/v2\/pages\/36","targetHints":{"allow":["GET"]}}],"collection":[{"href":"https:\/\/test.fyrhorningen.se\/index.php?rest_route=\/wp\/v2\/pages"}],"about":[{"href":"https:\/\/test.fyrhorningen.se\/index.php?rest_route=\/wp\/v2\/types\/page"}],"author":[{"embeddable":true,"href":"https:\/\/test.fyrhorningen.se\/index.php?rest_route=\/wp\/v2\/users\/2"}],"replies":[{"embeddable":true,"href":"https:\/\/test.fyrhorningen.se\/index.php?rest_route=%2Fwp%2Fv2%2Fcomments&post=36"}],"version-history":[{"count":0,"href":"https:\/\/test.fyrhorningen.se\/index.php?rest_route=\/wp\/v2\/pages\/36\/revisions"}],"wp:attachment":[{"href":"https:\/\/test.fyrhorningen.se\/index.php?rest_route=%2Fwp%2Fv2%2Fmedia&parent=36"}],"curies":[{"name":"wp","href":"https:\/\/api.w.org\/{rel}","templated":true}]}}