{"id":56,"date":"2022-02-21T13:43:25","date_gmt":"2022-02-21T12:43:25","guid":{"rendered":"https:\/\/test.brfkalltorp.se\/?page_id=56"},"modified":"2022-02-21T13:43:25","modified_gmt":"2022-02-21T12:43:25","slug":"56-2","status":"publish","type":"page","link":"https:\/\/test.fyrhorningen.se\/?page_id=56","title":{"rendered":"Parkering"},"content":{"rendered":"\n<p>Bostadsr\u00e4ttsf\u00f6reningen har 30 garage och 55 parkeringsplatser. Kostnaden f\u00f6r garage \u00e4r f\u00f6r n\u00e4rvarande 450 kr per m\u00e5nad och f\u00f6r en parkeringsplats 150 kr per m\u00e5nad.<\/p>\n\n\n\n<p>SBC sk\u00f6ter k\u00f6lista och avgifter, s\u00e5 om du \u00e4r intresserad av att hyra en plats kontakta SBC kundcenter:<\/p>\n\n\n\n<ul class=\"wp-block-list\"><li>Portalen: <a href=\"https:\/\/hemma.sbc.se\/\" target=\"_blank\" rel=\"noreferrer noopener\">https:\/\/hemma.sbc.se\/<\/a><\/li><li>Telefon: <a href=\"tel:0771-722 722\">0771-722 722<\/a><\/li><li>E-post: <a href=\"mailto:kundtjanst@sbc.se\">kundtjanst@sbc.se<\/a><a href=\"mailto:kundtjanst@sbc.se\" target=\"_blank\" rel=\"noreferrer noopener\"><\/a><\/li><\/ul>\n\n\n\n<p><\/p>\n\n\n\n<h3 class=\"wp-block-heading\">Regler f\u00f6r p-platser\/garage<\/h3>\n\n\n\n<ul class=\"wp-block-list\"><li>P-plats eller garageplats f\u00e5r endast erbjudas den som \u00e4r folkbokf\u00f6rd, boende p\u00e5 adressen p\u00e5 Kallh\u00e4llsleden 10, 12, 14, 16 och medlem i f\u00f6reningen.&nbsp;<\/li><li>Max en p-plats plus garage, eller tv\u00e5 p-platser per l\u00e4genhet \u00e4r till\u00e5tet.<\/li><li>Garage samt p-plats uppl\u00e5ts enbart f\u00f6r f\u00f6rvaring av motorfordon (bil, MC).<\/li><li>Fordonet ska vara besiktigat, f\u00f6rs\u00e4krat och i bruk.<\/li><li>Fordon som st\u00e4lls upp p\u00e5 p-plats eller f\u00f6rvaras i garage ska vara registrerat p\u00e5 en person som \u00e4r folkbokf\u00f6rd och boende i BRF K\u00e4lltorp.<\/li><li>Boende f\u00e5r hyra ut p-platsen\/garaget endast vid andrahandsuthyrning av l\u00e4genheten och med styrelsens godk\u00e4nnande.<\/li><li>P-platsen\/garaget tillh\u00f6r inte l\u00e4genheten.<\/li><li>Om man har haft p-plats\/garage och inte l\u00e4ngre har ett fordon p\u00e5 denna plats, ska man s\u00e4ga upp sin p-plats\/garage.<\/li><li>Brandfarliga varor f\u00e5r ej f\u00f6rvaras i garage annat \u00e4n en reservdunk bensin (max 5 liter) som ska vara placerad i bil.<\/li><\/ul>\n\n\n\n<p><\/p>\n\n\n\n<h3 class=\"wp-block-heading\" id=\"g\u00e4stparkering\">G\u00e4stparkering<\/h3>\n\n\n\n<p>G\u00e4stparkeringens fyra platser finns vid bilinfarten och har nr <strong>9607<\/strong>, <strong>9608<\/strong>, <strong>9634<\/strong> och <strong>9637<\/strong>. <\/p>\n\n\n\n<p>Vid parkering p\u00e5 g\u00e4stplats ska det p-tillst\u00e5nd som alla boende har f\u00e5tt ligga synligt i framrutan. Om tillst\u00e5nd saknas kontakta styrelsen f\u00f6r att f\u00e5 ett nytt.<\/p>\n\n\n\n<p><\/p>\n\n\n<div class=\"wp-block-image\">\n<figure class=\"aligncenter size-full\"><img loading=\"lazy\" decoding=\"async\" width=\"657\" height=\"576\" src=\"https:\/\/test.fyrhorningen.se\/wp-content\/uploads\/2022\/04\/map_redux.png\" alt=\"\" class=\"wp-image-262\" srcset=\"https:\/\/test.fyrhorningen.se\/wp-content\/uploads\/2022\/04\/map_redux.png 657w, https:\/\/test.fyrhorningen.se\/wp-content\/uploads\/2022\/04\/map_redux-300x263.png 300w\" sizes=\"auto, (max-width: 657px) 100vw, 657px\" \/><\/figure>\n<\/div>\n\n\n<p><\/p>\n","protected":false},"excerpt":{"rendered":"<p>Bostadsr\u00e4ttsf\u00f6reningen har 30 garage och 55 parkeringsplatser. Kostnaden f\u00f6r garage \u00e4r f\u00f6r n\u00e4rvarande 450 kr per m\u00e5nad och f\u00f6r en parkeringsplats 150 kr per m\u00e5nad. SBC sk\u00f6ter k\u00f6lista och avgifter, s\u00e5 om du \u00e4r intresserad av att hyra en plats kontakta SBC kundcenter: Portalen: https:\/\/hemma.sbc.se\/ Telefon: 0771-722 722 E-post: kundtjanst@sbc.se Regler f\u00f6r p-platser\/garage P-plats eller [&hellip;]<\/p>\n","protected":false},"author":2,"featured_media":0,"parent":0,"menu_order":0,"comment_status":"closed","ping_status":"closed","template":"","meta":{"footnotes":""},"class_list":["post-56","page","type-page","status-publish","hentry"],"_links":{"self":[{"href":"https:\/\/test.fyrhorningen.se\/index.php?rest_route=\/wp\/v2\/pages\/56","targetHints":{"allow":["GET"]}}],"collection":[{"href":"https:\/\/test.fyrhorningen.se\/index.php?rest_route=\/wp\/v2\/pages"}],"about":[{"href":"https:\/\/test.fyrhorningen.se\/index.php?rest_route=\/wp\/v2\/types\/page"}],"author":[{"embeddable":true,"href":"https:\/\/test.fyrhorningen.se\/index.php?rest_route=\/wp\/v2\/users\/2"}],"replies":[{"embeddable":true,"href":"https:\/\/test.fyrhorningen.se\/index.php?rest_route=%2Fwp%2Fv2%2Fcomments&post=56"}],"version-history":[{"count":0,"href":"https:\/\/test.fyrhorningen.se\/index.php?rest_route=\/wp\/v2\/pages\/56\/revisions"}],"wp:attachment":[{"href":"https:\/\/test.fyrhorningen.se\/index.php?rest_route=%2Fwp%2Fv2%2Fmedia&parent=56"}],"curies":[{"name":"wp","href":"https:\/\/api.w.org\/{rel}","templated":true}]}}