{"id":64,"date":"2022-02-21T13:53:03","date_gmt":"2022-02-21T12:53:03","guid":{"rendered":"https:\/\/test.brfkalltorp.se\/?page_id=64"},"modified":"2022-02-21T13:53:03","modified_gmt":"2022-02-21T12:53:03","slug":"organisation","status":"publish","type":"page","link":"https:\/\/test.fyrhorningen.se\/?page_id=64","title":{"rendered":"Organisation"},"content":{"rendered":"\n<h2 class=\"wp-block-heading\" id=\"styrelsen\">Styrelsen<\/h2>\n\n\n\n<p>Styrelsen har ca 12 styrelsem\u00f6ten per \u00e5r, var fj\u00e4rde m\u00e5ndag i varje m\u00e5nad. <\/p>\n\n\n\n<p>Man kan kontakta styrelsen genom att skriva till <a href=\"mailto:kalltorps.brf@gmail.com\">kalltorps.brf@gmail.com<\/a> eller genom att l\u00e4mna brev i styrelsebrevl\u00e5dan i Kallh\u00e4llsleden 12.<\/p>\n\n\n\n<figure class=\"wp-block-table is-style-stripes\"><table><thead><tr><th>Namn<\/th><th>Roll<\/th><th class=\"has-text-align-center\" data-align=\"center\">Adress<\/th><\/tr><\/thead><tbody><tr><td><strong>Ari Toivanen<\/strong><\/td><td>Ordf\u00f6rande<\/td><td class=\"has-text-align-center\" data-align=\"center\">Kallh\u00e4llsleden 10<\/td><\/tr><tr><td><strong>Alex Kastanas<\/strong><\/td><td>Vice ordf\u00f6rande, ekonomiansvarig<\/td><td class=\"has-text-align-center\" data-align=\"center\">Kallh\u00e4llsleden 12<\/td><\/tr><tr><td><strong>Kinga Martyna Huk<\/strong><\/td><td>Sekreterare<\/td><td class=\"has-text-align-center\" data-align=\"center\"><\/td><\/tr><tr><td><strong>Ashish Maharjan<\/strong><\/td><td>Milj\u00f6ansvarig<\/td><td class=\"has-text-align-center\" data-align=\"center\">Kallh\u00e4llsleden 10<\/td><\/tr><tr><td><strong>Marianne Sandstr\u00f6m<\/strong><\/td><td>Brands\u00e4kerhetsansvarig<\/td><td class=\"has-text-align-center\" data-align=\"center\">Kallh\u00e4llsleden 16<\/td><\/tr><tr><td><strong>Gunilla Lindahl<\/strong><\/td><td>Suppleant<\/td><td class=\"has-text-align-center\" data-align=\"center\">Kallh\u00e4llsleden 10<\/td><\/tr><tr><td><strong>Linda Engberg<\/strong><\/td><td>Suppleant, brands\u00e4kerhetsansvarig<\/td><td class=\"has-text-align-center\" data-align=\"center\">Kallh\u00e4llsleden 16<\/td><\/tr><\/tbody><\/table><\/figure>\n\n\n\n<h2 class=\"wp-block-heading\" id=\"valberadningen\">Valberedningen<\/h2>\n\n\n\n<p>Valberedningens uppgift \u00e4r att hitta kandidater till styrelsen. Valberedningen best\u00e5r f\u00f6r n\u00e4rvarande av:<\/p>\n\n\n\n<figure class=\"wp-block-table is-style-stripes\"><table><thead><tr><th>Namn<\/th><th>Roll<\/th><th class=\"has-text-align-center\" data-align=\"center\">Adress<\/th><\/tr><\/thead><tbody><tr><td><strong>Jessica J\u00e4ms\u00e9n<\/strong><\/td><td>Sammankallande<\/td><td class=\"has-text-align-center\" data-align=\"center\">Kallh\u00e4llsleden 10<\/td><\/tr><tr><td><strong>Alicia Karakezlidis<\/strong><\/td><td>Ledamot<\/td><td class=\"has-text-align-center\" data-align=\"center\">Kallh\u00e4llsleden 12<\/td><\/tr><tr><td><strong>Lars S\u00f6dergren<\/strong><\/td><td>Ledamot<\/td><td class=\"has-text-align-center\" data-align=\"center\">Kallh\u00e4llsleden 10<\/td><\/tr><\/tbody><\/table><\/figure>\n\n\n\n<h2 class=\"wp-block-heading\" id=\"revisorer\">Revisorer<\/h2>\n\n\n\n<p>F\u00f6reningens interna revisorer \u00e4r f\u00f6r n\u00e4rvarande (2021-2022):<\/p>\n\n\n\n<figure class=\"wp-block-table is-style-stripes\"><table><thead><tr><th>Namn<\/th><th>Roll<\/th><th class=\"has-text-align-center\" data-align=\"center\">Adress<\/th><\/tr><\/thead><tbody><tr><td><strong>Robert Andersson<\/strong><\/td><td>Revisor<\/td><td class=\"has-text-align-center\" data-align=\"center\">Kallh\u00e4llsleden 12<\/td><\/tr><tr><td><strong>Fred Hosseini<\/strong><\/td><td>Revisorssuppleant<\/td><td class=\"has-text-align-center\" data-align=\"center\">Kallh\u00e4llsleden 16<\/td><\/tr><\/tbody><\/table><\/figure>\n\n\n\n<p><\/p>\n\n\n\n<p><strong>F\u00f6reningen anlitar <a href=\"https:\/\/ravisor.se\/\">R\u00e4visor AB<\/a> som extern revisor.<\/strong><\/p>\n","protected":false},"excerpt":{"rendered":"<p>Styrelsen Styrelsen har ca 12 styrelsem\u00f6ten per \u00e5r, var fj\u00e4rde m\u00e5ndag i varje m\u00e5nad. Man kan kontakta styrelsen genom att skriva till kalltorps.brf@gmail.com eller genom att l\u00e4mna brev i styrelsebrevl\u00e5dan i Kallh\u00e4llsleden 12. Namn Roll Adress Ari Toivanen Ordf\u00f6rande Kallh\u00e4llsleden 10 Alex Kastanas Vice ordf\u00f6rande, ekonomiansvarig Kallh\u00e4llsleden 12 Kinga Martyna Huk Sekreterare Ashish Maharjan Milj\u00f6ansvarig [&hellip;]<\/p>\n","protected":false},"author":2,"featured_media":0,"parent":0,"menu_order":0,"comment_status":"closed","ping_status":"closed","template":"","meta":{"footnotes":""},"class_list":["post-64","page","type-page","status-publish","hentry"],"_links":{"self":[{"href":"https:\/\/test.fyrhorningen.se\/index.php?rest_route=\/wp\/v2\/pages\/64","targetHints":{"allow":["GET"]}}],"collection":[{"href":"https:\/\/test.fyrhorningen.se\/index.php?rest_route=\/wp\/v2\/pages"}],"about":[{"href":"https:\/\/test.fyrhorningen.se\/index.php?rest_route=\/wp\/v2\/types\/page"}],"author":[{"embeddable":true,"href":"https:\/\/test.fyrhorningen.se\/index.php?rest_route=\/wp\/v2\/users\/2"}],"replies":[{"embeddable":true,"href":"https:\/\/test.fyrhorningen.se\/index.php?rest_route=%2Fwp%2Fv2%2Fcomments&post=64"}],"version-history":[{"count":0,"href":"https:\/\/test.fyrhorningen.se\/index.php?rest_route=\/wp\/v2\/pages\/64\/revisions"}],"wp:attachment":[{"href":"https:\/\/test.fyrhorningen.se\/index.php?rest_route=%2Fwp%2Fv2%2Fmedia&parent=64"}],"curies":[{"name":"wp","href":"https:\/\/api.w.org\/{rel}","templated":true}]}}